+ 2352 - m = 0. Is g prime?
False
Let o(i) = -3*i**3 + 11*i**2 + 10*i - 5. Let l be o(4). Suppose -l*g + 11603 + 8442 = 0. Is g composite?
True
Let w be (-205)/(-35) - (-4)/28. Let c = -6 + w. Suppose -5*y + 3*y - z = -374, -3*y + 3*z + 561 = c. Is y composite?
True
Let x = -12726 - -9003. Let o = 5711 + x. Suppose 0*g - o = -4*g. Is g composite?
True
Let w be 4147065/273 + 2/(-14)*-2. Suppose -2*b - 5*g = -w, 4*g - 1 = 3. Is b a composite number?
True
Is (-2*1)/(3 + 2) - (-86046126)/1090 prime?
True
Let c(w) = -w**2 + w + 6. Let v be c(3). Let t be 0 + -3 - (-6 - (v - 3)). Suppose 4*o = -3*a + 4798, t = -2*o - 0*o + 2*a + 2406. Is o prime?
True
Suppose s - 1191850 = -17*x + 20*x, -5*x + 1191842 = s. Is s prime?
True
Suppose -186*j + 4293305 + 4718549 = -100*j. Is j a prime number?
True
Let s(n) = 366*n**2 - 25*n - 1. Is s(10) a prime number?
False
Let a(p) be the first derivative of 1887*p**4/4 - p**2 + 2*p + 27. Let s be a(1). Suppose -3*o + z = 2*o - 2358, 4*o - s = z. Is o a composite number?
True
Let y = 84 + -80. Suppose 263 = 3*l - y*c, 2*l - c = 24 + 158. Is l prime?
False
Suppose 0 = -4*k - 5*d + 58 - 39, 4*k + 3*d = 13. Is 1 + k - (4 + -2 - 1399) composite?
False
Let g = 191238 + -565794. Let k be g/(-180) - 4/(-30). Suppose -s + k = 2*y - 2*s, y - 1023 = 4*s. Is y a prime number?
False
Suppose -7 = -n - b, -b - 2 - 1 = -n. Suppose o - 4*d - 5501 = 0, -n*o + 3*o + 11016 = -d. Is o prime?
False
Let y = -28736 - -12929. Is (6 + -4 + -4)*y/6 a composite number?
True
Let m(j) = 5917*j + 1091. Is m(20) prime?
False
Let d(h) = h**3 + 15*h**2 - 34*h + 2. Let c be d(-17). Let w be 46/69*3/c. Is (4 + 1804 - -3)*w prime?
True
Suppose 3*w - 198 = -s + 6843, 0 = s + w - 7051. Let c = 3499 + s. Is c prime?
False
Let l be 5*-1*((-2752)/(-20))/8. Let r = -84 - l. Suppose -r*z - 125 = -7*z. Is z composite?
True
Suppose 3*g + 23157 = -n, -9*g = -11*g - 2*n - 15442. Let s = g - -16159. Is s a prime number?
False
Let c(g) = g**3 + 7*g**2 - 12*g - 23. Let f be c(-8). Suppose -11*s + f*s + 4874 = 0. Is s a composite number?
False
Let f(c) = 494608*c - 1085. Is f(1) prime?
True
Let i(s) = 146*s**2 + 47*s + 764. Is i(-15) composite?
False
Let a(m) = 3674*m - 58. Let v be a(9). Suppose z - v = -15*z. Is z a composite number?
False
Is (6/10)/(54/12317640)*9/12 a composite number?
False
Suppose -5*k + 3*a = -15442, 4*k - 12328 = -10*a + 6*a. Let b = k - 229. Is b a composite number?
False
Let o(t) = -90730*t + 2. Let z be o(3). Is (-2)/(0 - 4) - z/56 composite?
False
Suppose -6669*s + 6690*s - 31612749 = 0. Is s prime?
True
Suppose 2*f - 4*f = -18. Suppose 0 = -f*z - 276 - 2496. Let u = z - -897. Is u a prime number?
False
Let g = -197690 - -400873. Is g a prime number?
True
Let g be (-1 - 20)*(-3 - -2). Suppose -g*c + 2885 = -16*c. Is c composite?
False
Is (5509/2)/(49/98) a prime number?
False
Suppose 0 = 14*h - 9*h + 4*y - 12, h - 5*y + 15 = 0. Let l = 211 - h. Is l a prime number?
True
Suppose 399791 - 22469 = -21*n + 15004893. Is n composite?
True
Let h(o) = 125*o**3 + 12*o**2 + 25*o + 3. Let s(g) = 42*g**3 + 4*g**2 + 9*g + 1. Let y(b) = 6*h(b) - 17*s(b). Is y(4) a prime number?
True
Let m be (14/4)/(5/10). Let w(v) = 339*v + 64. Is w(m) composite?
False
Is 3 + 117697 - 1/((-6)/18*3) a prime number?
True
Let h(o) = 11*o**2 + 13*o - 28. Let m(g) = g**2 + g - 1. Let b(f) = h(f) - 3*m(f). Let k be b(8). Suppose 5*n - k - 743 = 0. Is n prime?
False
Suppose 138*m - 203*m + 9786205 = 0. Is m a composite number?
True
Suppose -24*x + 20*x + 20 = 0. Suppose 0 = -2*d + x*v - 253, -d - 4*v - 128 = -8*v. Let w = d + 215. Is w composite?
True
Suppose 5*j - 4373 = 6457. Let z = j + 591. Is z a prime number?
False
Let h(v) = -3*v**2 + 8. Suppose -3*x = -30 + 12. Let s(p) = 4*p**2 - 7. Let g(o) = x*s(o) + 7*h(o). Is g(-5) composite?
False
Suppose -255*y = -217*y - 4785074. Is y composite?
True
Suppose -28*v + 26*v - 4690891 = -21*v. Is v composite?
False
Let m(r) = 56*r**2 + r - 28. Let z be (-12)/20 + 54/(-10). Is m(z) composite?
True
Suppose 31*h = 62205 + 11617 + 13443. Is h a prime number?
False
Let j = -1032625 + 1582710. Is j a composite number?
True
Let d(z) = 3*z**2 - z + 1. Let h be d(1). Suppose 4668 = -h*p + 3*c, 0*p + 2*c = -2*p - 3100. Is (-2 - -5)*p/(-3) composite?
False
Suppose 0 = 2*p + 5*k + 6968 - 664, 0 = -k. Let w = -1783 - p. Is w prime?
False
Suppose 0 = 136*x + 66*x - 117541982. Is x a composite number?
False
Suppose 3*a = 3*m + 346 - 1066, -5*a - 5 = 0. Let w = 1975 - 1973. Suppose -2 = -w*u, -3*d + 2*d + m = 2*u. Is d a prime number?
False
Suppose -5*f - m = -199112, -4*m - 120127 = -5*f + 78950. Is f a composite number?
False
Suppose 0 = -3*m + 7*m + 15*m - 467191. Is m composite?
True
Suppose 451507 = 4*r - y, y + 338630 = 137*r - 134*r. Is r a prime number?
True
Suppose -250*j - 2443393 = -267*j. Is j a prime number?
True
Suppose -244996 = -3*i - 2*r + 3*r, 4*i - r - 326663 = 0. Is i a prime number?
True
Is (53987/5)/((0 + 12)/60) a composite number?
False
Let i = -380 + 728. Let a = i - -2693. Is a prime?
True
Let w(l) = 63*l - 371. Let z be w(6). Let a(d) = -2*d + 5*d**3 - 10*d**2 + 5 - 2 - 1. Is a(z) a prime number?
True
Let d(h) = 66*h**2 - 2*h - 41. Let n be d(-9). Let j = n + 1296. Is j a composite number?
False
Suppose -34*h = -21*h - 41093. Suppose 7430 + h = 17*a. Is a a composite number?
True
Let n(j) = -j**2 - 14*j - 4. Let f be n(-14). Is (-5199)/12*f*1 a prime number?
True
Let a(o) = -19*o**3 + 2*o**2 - o - 1. Let w be a(-1). Suppose -10*z - 43879 = -w*z. Is z prime?
True
Suppose 4*u + 4*n = 8, -2*u + 2 + 2 = 3*n. Suppose 0 = u*o + y - 16159, 3*o = 5*y - 7*y + 24237. Is o a composite number?
False
Let i be (-26)/169 - 132/(-13). Let o = 44 - 37. Suppose i*t - 987 = o*t. Is t a composite number?
True
Let u(v) = 463*v**2 - 3*v - 1. Let f be ((-6)/8)/((-15)/12 + 1). Let i be -5 - f*(2 - 3). Is u(i) a composite number?
True
Let y(h) = h**3 - 17*h**2 - 1. Let r be y(17). Let j = r + -3. Is (1 - (-1002)/(-4))*j composite?
True
Suppose -370*k = -473*k + 13005913. Is k a composite number?
False
Let n(u) = -2*u**2 - 15*u + 25. Let a be n(-9). Let m(i) = -4*i**2 - 2*i + 1. Let y be m(4). Let f = a - y. Is f a prime number?
False
Let t = 91 + 3. Suppose t*n - 30 = 89*n. Is -15*(-2 + (-2)/n) composite?
True
Let q be 3/39*-2 + 109808/(-104). Let h = q - -5045. Is h prime?
True
Suppose -110*m - 672 = -112*m. Suppose 428 = 4*b - m. Suppose -o + 5*x = -b, -5*x + 4*x - 171 = -o. Is o a prime number?
False
Let j be (-21)/((3/(-2))/1). Let n(s) = -13 + s**3 - 14*s**2 + 106*s - s**2 - 88*s. Is n(j) a composite number?
False
Suppose -5*z + 18980 + 8150 = 0. Suppose -3*r + r = n - 2176, -5*r + n = -z. Is r/1 + -1 + 0 + 2 a prime number?
True
Let v(m) = -m**3 - 4*m**2 - 3*m - 4. Let h be v(-3). Let s be 170 - (h - (-1 + -3)). Suppose 725 = 5*t - s. Is t a prime number?
True
Let n = -77668 - -121268. Suppose 5*c - b - 54503 = 0, 2*b = -0*c + 4*c - n. Is c a prime number?
False
Let b = 79660 - -3679. Is b composite?
False
Let z be ((-133)/(-49) + -2)*7. Suppose -2*c - z*c + 10703 = 0. Is c a prime number?
False
Suppose 658*w + 1204284 = 670*w. Is w a prime number?
True
Suppose 10*v + 26072 = 2*v. Is (0 + v)*10/(8 + -18) a composite number?
False
Let n = 254 + -276. Is (n/(-44))/(1/106) a composite number?
False
Is (14 - 15)*(2 + -53994 - -3) composite?
True
Let k(q) = 12 + 11 - 2*q - 12*q**2 + q**3 + 11*q. Let o be k(11). Is 13964/(o*-4)*(2 + -3) a prime number?
True
Let a = 123 - 120. Suppose -5*s + a*v + 23746 = -0*v, -5*v = 3*s - 14268. Is s prime?
True
Suppose 3*o = -17*u + 20*u - 33, -o = -4*u + 41. Suppose u*n - 6*n = 1004. Is n a prime number?
True
Is -152135*((-6)/(-7) + 1819/(-595)) composite?
True
Let f = -1 - -5. Let l(z) = 5*z**3 - 6*z + 4 + 3*z - 5*z**2 - f*z. Is l(5) a prime number?
False
Let t(u) = -30852*u + 1043. Is t(-20) composite?
False
Suppose 5*p - 4*f - 3220 = 0, 4*p - 832 = 2*f + 1744. Suppose i + 387 = p. Is i a composite number?
False
Let m = -4 + 6. Let k(f) = f**3 + 9*f**2 + 20*f - 5. Let r be k(-4). Is (r + 4)*(9 + m)*-113 a composite number?
True
Let b = 0 + -1. Let q(r) = -20*r**3 + 2*r - 15*r**3 - 63*r**3 + 1 + 18*r**3. Is q(b) a prime number?
True
Suppose -52*h + 1151325 + 1863479 = 0. Is h a composite number?
False
